5121?
3375121
List the prime factors of 32193700.
2, 5, 7, 11, 37, 113
List the prime factors of 417668.
2, 104417
What are the prime factors of 173292?
2, 3, 7, 2063
What are the prime factors of 36500354?
2, 11, 1659107
What are the prime factors of 11761378?
2, 701, 8389
List the prime factors of 15000258.
2, 3, 7, 13, 83, 331
What are the prime factors of 143431?
19, 7549
List the prime factors of 176262.
2, 3, 29, 1013
List the prime factors of 1215056.
2, 75941
List the prime factors of 139906.
2, 13, 5381
What are the prime factors of 6125117?
17, 571, 631
List the prime factors of 4679287.
4679287
What are the prime factors of 16395140?
2, 5, 17, 48221
List the prime factors of 4660748.
2, 1165187
List the prime factors of 2840496.
2, 3, 17, 59
What are the prime factors of 1246738?
2, 23, 27103
What are the prime factors of 179519?
179519
What are the prime factors of 183146?
2, 91573
List the prime factors of 1253694.
2, 3, 13, 16073
What are the prime factors of 152781?
3, 127, 401
List the prime factors of 2144674.
2, 7, 153191
List the prime factors of 1563940.
2, 5, 7, 11171
What are the prime factors of 26690?
2, 5, 17, 157
List the prime factors of 674621.
37, 18233
List the prime factors of 130731.
3, 43577
List the prime factors of 610600.
2, 5, 43, 71
List the prime factors of 7843095.
3, 5, 13, 41, 109
What are the prime factors of 9899624?
2, 7, 176779
What are the prime factors of 19879351?
61, 325891
List the prime factors of 166039.
17, 9767
List the prime factors of 11459717.
17, 19, 2087
List the prime factors of 1608008.
2, 19, 71, 149
What are the prime factors of 4004636?
2, 1001159
List the prime factors of 2752553.
101, 27253
List the prime factors of 102673.
102673
What are the prime factors of 1251660?
2, 3, 5, 23, 907
List the prime factors of 134350.
2, 5, 2687
List the prime factors of 2031533.
7, 290219
What are the prime factors of 2147978?
2, 7, 153427
What are the prime factors of 8468061?
3, 7, 403241
What are the prime factors of 5794808?
2, 53, 79, 173
List the prime factors of 14547853.
701, 20753
List the prime factors of 688094.
2, 11, 31277
List the prime factors of 298383.
3, 79, 1259
List the prime factors of 445654.
2, 11, 47, 431
List the prime factors of 13312380.
2, 3, 5, 221873
What are the prime factors of 3561306?
2, 3, 7, 84793
List the prime factors of 11531840.
2, 5, 36037
List the prime factors of 1365270.
2, 3, 5, 17, 2677
What are the prime factors of 416642?
2, 41, 5081
List the prime factors of 1340680.
2, 5, 11, 277
What are the prime factors of 193078?
2, 19, 5081
What are the prime factors of 1731755?
5, 19, 18229
List the prime factors of 3312748.
2, 47, 67, 263
What are the prime factors of 148413?
3, 61, 811
What are the prime factors of 7836447?
3, 151, 17299
List the prime factors of 60043.
97, 619
List the prime factors of 2422088.
2, 277, 1093
What are the prime factors of 770080?
2, 5, 4813
What are the prime factors of 350982?
2, 3, 17, 31, 37
List the prime factors of 7351138.
2, 19, 193451
List the prime factors of 42965788.
2, 10741447
List the prime factors of 180259.
180259
List the prime factors of 33153.
3, 43, 257
What are the prime factors of 838086?
2, 3, 139681
What are the prime factors of 859515?
3, 5, 57301
What are the prime factors of 549?
3, 61
What are the prime factors of 2410404?
2, 3, 200867
What are the prime factors of 174565?
5, 34913
What are the prime factors of 125299?
125299
List the prime factors of 18843958.
2, 7, 1345997
What are the prime factors of 488153?
488153
List the prime factors of 3464397.
3, 128311
List the prime factors of 569565.
3, 5, 4219
What are the prime factors of 533125?
5, 853
List the prime factors of 676460.
2, 5, 149, 227
What are the prime factors of 19573101?
3, 929, 2341
What are the prime factors of 7727673?
3, 17, 151523
List the prime factors of 18680967.
3, 37, 56099
List the prime factors of 267576.
2, 3, 11149
List the prime factors of 25001664.
2, 3, 197, 661
What are the prime factors of 317680?
2, 5, 11, 19
What are the prime factors of 17148218?
2, 439, 19531
List the prime factors of 5441044.
2, 7, 194323
List the prime factors of 3896766.
2, 3, 37, 5851
List the prime factors of 9609280.
2, 5, 30029
List the prime factors of 3423264.
2, 3, 13, 211
What are the prime factors of 193610?
2, 5, 19, 1019
List the prime factors of 1689687.
3, 62581
What are the prime factors of 2939911?
13, 59, 3833
What are the prime factors of 711855?
3, 5, 5273
What are the prime factors of 36731901?
3, 349, 35083
What are the prime factors of 1015284?
2, 3, 19, 61, 73
What are the prime factors of 100447?
100447
List the prime factors of 92910.
2, 3, 5, 19, 163
List the prime factors of 218312.
2, 29, 941
What are the prime factors of 4807791?
3, 534199
List the prime factors of 2170954.
2, 337, 3221
List the prime factors of 2559361.
7, 59, 6197
What are the prime factors of 500687?
11, 23, 1979
What are the prime factors of 27248982?
2, 3, 4541497
What are the prime factors of 340623?
3, 37847
List the prime factors of 68030.
2, 5, 6803
List the prime factors of 25251411.
3, 8417137
List the prime factors of 1112150.
2, 5, 13, 29, 59
List the prime factors of 77020.
2, 5, 3851
What are the prime factors of 544976?
2, 34061
What are the prime factors of 2596371?
3, 865457
List the prime factors of 648329.
11, 17, 3467
List the prime factors of 686327.
83, 8269
List the prime factors of 1294590.
2, 3, 5, 11, 3923
What are the prime factors of 1415883?
3, 7, 191, 353
What are the prime factors of 1597801?
1597801
List the prime factors of 6078270.
2, 3, 5, 11, 113, 163
List the prime factors of 94468.
2, 11, 19, 113
List the prime factors of 313186.
2, 156593
What are the prime factors of 5586440?
2, 5, 139661
List the prime factors of 4708021.
4708021
List the prime factors of 383226.
2, 3, 23, 2777
What are the prime factors of 181692?
2, 3, 7, 103
What are the prime factors of 5978802?
2, 3, 271, 3677
List the prime factors of 337565.
5, 181, 373
List the prime factors of 3590657.
7, 41, 12511
What are the prime factors of 368428?
2, 92107
What are the prime factors of 27574113?
3, 7, 127, 211
What are the prime factors of 22880362?
2, 29, 394489
What are the prime factors of 3619850?
2, 5, 13, 5569
What are the prime factors of 3115884?
2, 3, 259657
What are the prime factors of 3950893?
3950893
List the prime factors of 38846162.
2, 31, 433, 1447
List the prime factors of 947706.
2, 3, 157951
List the prime factors of 1880141.
47, 109, 367
What are the prime factors of 761600?
2, 5, 7, 17
What are the prime factors of 289257?
3, 96419
What are the prime factors of 909483?
3, 17, 1049
List the prime factors of 456829.
61, 7489
List the prime factors of 3932119.
3932119
List the prime factors of 405783.
3, 7, 19, 113
What are the prime factors of 10098?
2, 3, 11, 17
What are the prime factors of 5591917?
5591917
What are the prime factors of 5433263?
11, 83, 541
What are the prime factors of 25065701?
17, 31, 47563
List the prime factors of 5582212.
2, 1395553
List the prime factors of 619946.
2, 401, 773
What are the prime factors of 4657446?
2, 3, 86249
List the prime factors of 12394808.
2, 1549351
List the prime factors of 37892038.
2, 29, 653311
List the prime factors of 9027841.
1597, 5653
What are the prime factors of 7235008?
2, 11, 43, 239
List the prime factors of 304706.
2, 131, 1163
What are the prime factors of 2938095?
3, 5, 109, 599
What are the prime factors of 100246?
2, 50123
What are the prime factors of 5679587?
223, 25469
List the prime factors of 59641.
19, 43, 73
What are the prime factors of 5418?
2, 3, 7, 43
List the prime factors of 2260955.
5, 452191
What are the prime factors of 215437?
97, 2221
What are the prime factors of 4689615?
3, 5, 7, 59, 757
What are the prime factors of 1431373?
1431373
List the prime factors of 1702316.
2, 7, 11, 5527
List the prime factors of 409059.
3, 7, 43, 151
List the prime factors of 4309980.
2, 3, 5, 29, 2477
What are the prime factors of 561757?
7, 80251
List the prime factors of 4869140.
2, 5, 17, 14321
List the prime factors of 7771924.
2, 17, 37, 3089
List the prime factors of 3374149.
1693, 1993
List the prime factors of 26786959.
1291, 20749
W